 + 50 = 5*b. What is the greatest common divisor of s and b?
6
Suppose 14*s - 18*s = -64. What is the greatest common factor of s and 40?
8
Let n be 4/(-14) + 4/14. Suppose n*v + 106 = v. Suppose -5*p + v = -3*y - y, 4*y + 16 = 0. Calculate the greatest common divisor of p and 108.
18
Let l = 22 - 6. Suppose 4 = 2*m + 2. Let n(s) = s**3 + s**2. Let w be n(m). What is the greatest common factor of l and w?
2
Let n = -105 - -237. What is the highest common factor of 88 and n?
44
Let a(w) = -10*w - 13. Let u be a(-3). What is the highest common divisor of 68 and u?
17
Let v(a) = -a**3 - a - 4*a**3 - 1 - 2*a + a. Let u be v(-2). Suppose 268 - u = 5*w. Calculate the highest common factor of w and 5.
5
Let l be 99/44*224/6. Calculate the greatest common factor of 210 and l.
42
Let g(b) = 5*b + 1. Let i be g(5). Suppose -6 = 4*j - i. Calculate the highest common divisor of 5 and j.
5
Let i(a) = 2*a**2 - a - 2. Let s be i(3). Calculate the greatest common factor of 26 and s.
13
Let f be 118 + (3 - -1) + -3 + 1. What is the highest common factor of f and 20?
20
Let y be -12 + (-2)/4*-6. Let t = y - -10. What is the highest common factor of 6 and t?
1
Suppose -6 = -0*u - 2*u. Suppose 0*h + 5*h - t = 106, 4*h - u*t = 87. What is the greatest common factor of 168 and h?
21
Suppose 0*o + 42 = -3*o. Let b be 24/42 + (-1532)/o. Calculate the greatest common divisor of b and 10.
10
Suppose 5*b = -5*g - 0*b + 170, -5*g + 170 = -2*b. Let p(h) = h**2 + 5*h + 1. Let s be p(7). What is the greatest common divisor of s and g?
17
Let x = 17 + 59. Let a = x + -49. Suppose -90 = k - 6*k. Calculate the greatest common divisor of k and a.
9
Let q be (0 + -1)*(-108 + -2). What is the highest common factor of 10 and q?
10
Suppose -4*b + b = 0. Suppose b*l + 3*l - 24 = 0. Let a = -9 - -73. Calculate the highest common divisor of a and l.
8
Suppose 0 = -5*d - 324 - 406. Let z be 6/(-27) + d/(-9). Let a be 256/3*6/4. Calculate the highest common divisor of z and a.
16
Let s(l) be the third derivative of l**5/30 + l**4/24 + l**3/3 - 3*l**2. Let i be s(-2). What is the highest common divisor of 40 and i?
8
Let f(t) be the third derivative of t**6/120 + 2*t**5/15 - t**4/8 - 2*t**3/3 + t**2. Let s be f(-8). What is the greatest common factor of s and 30?
10
Suppose -2*a + 1 = q, 3 = 2*a + q + 2*q. Suppose p + 4*u + a*u = 110, 5*p + 5*u = 475. What is the highest common factor of 9 and p?
9
Suppose -18 = 2*x + 4*b, -x + 4*x - 5*b + 38 = 0. Let t = -3 - x. Let r(g) = -8*g - 8. Let z be r(-6). Calculate the highest common divisor of z and t.
8
Let v be (2/6)/(1/27). Let r be ((-4)/6)/((-6)/v). What is the greatest common factor of 2 and r?
1
Let g be 2 - 8 - -3 - -9. Let q be (-192)/(-40)*40/g. Calculate the highest common divisor of q and 80.
16
Let a = -28 - -61. Suppose -3*g = -165 + a. What is the highest common divisor of 11 and g?
11
Suppose 0 = -0*z + z - 40. Let h be (-42)/9 + 5 - 94/(-6). What is the greatest common divisor of z and h?
8
Let v = 18 - 13. Let p be 11/3 + 12/(-18). Suppose 0 = -p*k + 5*k - 70. Calculate the greatest common divisor of k and v.
5
Let j = -162 + 174. What is the highest common divisor of j and 12?
12
Let w(r) = -r**3 - 6*r**2 - 2*r + 3. Let t be w(-7). Let u = -18 + t. Let g be 0*2/6 + u. Calculate the greatest common divisor of 6 and g.
6
Suppose 5*t - 2*t = -2*j + 69, -4*t + 22 = j. Suppose -g + 196 = j. What is the highest common divisor of g and 14?
14
Suppose -36 = -4*y + 5*w, -48 + 0 = -2*y - 5*w. Calculate the highest common divisor of y and 70.
14
Suppose -2*p - 7 = y, 2*y = 11*p - 6*p + 22. Let z = 6 + -3. Suppose 3*k + z = 9. Calculate the greatest common factor of y and k.
1
Let w(h) = h**2 - h + 1. Let x be w(2). Suppose -x*n + 4*u = -4*n + 143, -5*n = -5*u - 665. Calculate the greatest common factor of n and 15.
15
Let l(n) be the second derivative of -2*n**3 + n. Let u = -3 - -2. Let w be l(u). Calculate the greatest common factor of w and 96.
12
Suppose d = 4*d - 5*h + 147, 2*d + 4*h = -98. Suppose -2*q - 167 = 5*b + 2, 2*b + 3*q = -61. Let y = b - d. Calculate the highest common divisor of 2 and y.
2
Let g(m) = 3*m + 30. Let k be g(-9). What is the greatest common factor of 3 and k?
3
Let j be 114/9 - (-6)/(-9). Let u(i) = 2*i - 6. Let o be u(9). What is the greatest common divisor of j and o?
12
Suppose 24 = 4*j - 0. Calculate the highest common divisor of 66 and j.
6
Let k be (-3)/(-15) - 320/(-25). Let q(j) = -36*j**3. Let x be q(-1). Suppose 4*u - x = -w, w - 9 = 3*u + k. Calculate the greatest common factor of 70 and w.
14
Let f(u) = 3*u**2 - 4*u + 2. Let d be f(2). Suppose -15 = -4*w + 1. Suppose -3*z = -w*z + 15. Calculate the highest common divisor of z and d.
3
Suppose 253 - 89 = 3*s - 2*t, 2*t - 160 = -3*s. What is the greatest common factor of s and 6?
6
Suppose -3*o - 102 = -v, 0 = 2*o - 3 + 1. Calculate the highest common factor of 42 and v.
21
Let d be (-10 - 2)*((-46)/8 - -2). Calculate the highest common divisor of d and 30.
15
Let g = 5 - -43. Suppose 3*o - 8*o = -2*c + g, -c = -o - 12. Let d be (-46)/o + (-2)/(-8). Calculate the highest common divisor of 24 and d.
6
Let w be -22*((-10)/4 + 2). What is the greatest common factor of w and 33?
11
Suppose 1215 = 7*l - 2*l. Let s = l + -115. What is the greatest common factor of s and 16?
16
Suppose -4*i + 8*h - 7*h = -81, 0 = i + 2*h - 18. What is the greatest common factor of 5 and i?
5
Suppose 154 = 4*c + 5*r - 0*r, 3*r - 114 = -3*c. Suppose 5*y = 24 + c. Calculate the highest common divisor of 48 and y.
12
Let s(a) = -a**3 - 5*a**2 + 5*a - 3. Let u be s(-6). Suppose u*g + 15 = 3*j, 2*g = -2*g + 12. Let y = 9 + j. What is the greatest common factor of 17 and y?
17
Let k = 53 + -50. What is the highest common factor of 30 and k?
3
Let s = 63 - 48. Calculate the highest common divisor of s and 120.
15
Let k = -10 - -2. Let u = k + 13. Suppose 2*r - u = 13. Calculate the highest common divisor of 6 and r.
3
Let h be 2 - (-2 - -3)*1. Suppose h = -3*a + 10. Let u be -2 + (-246)/(-1*a). Calculate the highest common divisor of 10 and u.
10
Let n(f) = -18*f - 10. Let v be n(-3). Calculate the greatest common divisor of 4 and v.
4
Suppose 5*z - 4*w - 12 = 2*z, z - 4*w - 4 = 0. Suppose -z*g - 40 = -3*o, 1 + 50 = 4*o - 3*g. Calculate the highest common divisor of o and 108.
12
Suppose -k + 3*n = -16, -5*n = -19 - 1. Let v = -2 - -2. Let z = 4 + v. Calculate the highest common divisor of z and k.
4
Let o be 28*(-3)/(-18)*15. What is the greatest common factor of o and 28?
14
Let g(o) = 10*o - 4. Let b be g(4). Suppose 4*f - b = -0*f. Calculate the greatest common factor of f and 54.
9
Let z = 3 + 37. Let a(i) = i - 1. Let x be a(5). Let k be 2 + x/(8/6). What is the highest common divisor of z and k?
5
Let y = 0 - -20. Calculate the highest common factor of 60 and y.
20
Let d = 1 + 13. What is the highest common divisor of d and 112?
14
Suppose -276 = -2*l + 2*o, 247 = 2*l + 4*o - 59. Let j(g) = -2*g + 3. Let w be j(-5). What is the greatest common divisor of w and l?
13
Let m = -34 + 97. Suppose -3*g + 48 = 4*h, 23 = 3*h - 3*g + 2*g. What is the highest common divisor of m and h?
9
Let k(t) = t**2 + t + 8. Let v be k(0). Let c = -111 - -112. Calculate the greatest common factor of v and c.
1
Let f(l) be the second derivative of l**4/12 + l**3/3 - l**2/2 + 2*l. Let g be f(-5). What is the highest common divisor of 42 and g?
14
Let m be -4 - (-1 + 33/(-3)). Suppose 0 = -2*t + 11 + 5. What is the greatest common divisor of t and m?
8
Suppose -4 + 8 = u. Let z(w) = w. Let r be z(2). Suppose u*h = t + 91, -t - r*t - 81 = -4*h. Calculate the greatest common factor of 6 and h.
6
Suppose 5*r - 3*o - 75 = 0, 5*r + 3*o = 5*o + 70. What is the highest common divisor of 16 and r?
4
Let z = 158 - 112. What is the greatest common factor of 368 and z?
46
Suppose 11*p = -4 + 92. What is the highest common divisor of p and 64?
8
Let d(t) = -t**3 - 4*t**2 + 7*t. Let p be d(-5). Let l be (32/p)/((-12)/210). What is the highest common divisor of l and 8?
8
Let u(w) = -w**3 + 4*w**2 + 2*w - 2. Let t be u(4). Let m = 28 - -26. Calculate the highest common divisor of t and m.
6
Suppose -111 = -5*r - 3*a, 0 = -8*r + 5*r + 4*a + 84. Calculate the highest common factor of r and 40.
8
Let s(o) =